 of 6379070?
9
What is the thousands digit of 13895668?
5
What is the thousands digit of 5270078?
0
What is the hundred thousands digit of 304701?
3
What is the thousands digit of 2933806?
3
What is the ten thousands digit of 33331940?
3
What is the ten thousands digit of 117575?
1
What is the ten thousands digit of 28430820?
3
What is the ten thousands digit of 31562?
3
What is the tens digit of 186805?
0
What is the thousands digit of 15006418?
6
What is the ten millions digit of 10711374?
1
What is the hundreds digit of 2589744?
7
What is the tens digit of 864789?
8
What is the hundred thousands digit of 944368?
9
What is the ten thousands digit of 6274669?
7
What is the tens digit of 14858232?
3
What is the units digit of 108361?
1
What is the thousands digit of 179715?
9
What is the hundred thousands digit of 2448434?
4
What is the tens digit of 355343?
4
What is the hundred thousands digit of 179238?
1
What is the thousands digit of 773717?
3
What is the millions digit of 1384709?
1
What is the tens digit of 2212807?
0
What is the ten millions digit of 26155577?
2
What is the hundreds digit of 7035153?
1
What is the hundreds digit of 30504195?
1
What is the millions digit of 11978263?
1
What is the hundred thousands digit of 1573580?
5
What is the thousands digit of 938917?
8
What is the hundred thousands digit of 8512088?
5
What is the ten thousands digit of 23701?
2
What is the hundreds digit of 10060778?
7
What is the tens digit of 91592?
9
What is the thousands digit of 100333?
0
What is the hundreds digit of 1642041?
0
What is the tens digit of 3287330?
3
What is the ten thousands digit of 4352129?
5
What is the hundred thousands digit of 153960?
1
What is the hundreds digit of 247857?
8
What is the ten thousands digit of 4586625?
8
What is the hundreds digit of 5667326?
3
What is the ten thousands digit of 408342?
0
What is the thousands digit of 175893?
5
What is the units digit of 2286491?
1
What is the hundreds digit of 147998?
9
What is the tens digit of 13686398?
9
What is the hundreds digit of 1608337?
3
What is the ten thousands digit of 177870?
7
What is the thousands digit of 1648077?
8
What is the tens digit of 58650?
5
What is the units digit of 428680?
0
What is the ten thousands digit of 3789480?
8
What is the units digit of 4091365?
5
What is the hundreds digit of 1877594?
5
What is the thousands digit of 2140785?
0
What is the units digit of 17485048?
8
What is the hundred thousands digit of 20502303?
5
What is the thousands digit of 893529?
3
What is the tens digit of 2022386?
8
What is the units digit of 4807302?
2
What is the units digit of 30899?
9
What is the thousands digit of 713072?
3
What is the millions digit of 2887879?
2
What is the ten thousands digit of 7785419?
8
What is the millions digit of 1797303?
1
What is the tens digit of 1849446?
4
What is the hundred thousands digit of 787921?
7
What is the tens digit of 517578?
7
What is the units digit of 133917?
7
What is the tens digit of 23459140?
4
What is the ten thousands digit of 201637?
0
What is the ten thousands digit of 6303294?
0
What is the ten thousands digit of 337423?
3
What is the tens digit of 15963651?
5
What is the thousands digit of 66891?
6
What is the thousands digit of 10917695?
7
What is the hundreds digit of 12955172?
1
What is the units digit of 7955441?
1
What is the tens digit of 1955502?
0
What is the ten thousands digit of 3635659?
3
What is the units digit of 287726?
6
What is the tens digit of 1848237?
3
What is the ten thousands digit of 86800?
8
What is the ten thousands digit of 4496938?
9
What is the units digit of 70094?
4
What is the thousands digit of 1308686?
8
What is the tens digit of 1924370?
7
What is the units digit of 89141?
1
What is the hundred thousands digit of 2255718?
2
What is the hundred thousands digit of 371321?
3
What is the hundred thousands digit of 2662863?
6
What is the units digit of 13565256?
6
What is the hundred thousands digit of 639374?
6
What is the hundreds digit of 75035?
0
What is the ten thousands digit of 84175?
8
What is the units digit of 1369783?
3
What is the units digit of 53261?
1
What is the ten thousands digit of 756412?
5
What is the ten thousands digit of 475688?
7
What is the tens digit of 524380?
8
What is the hundred thousands digit of 659647?
6
What is the thousands digit of 194241?
4
What is the tens digit of 447331?
3
What is the ten thousands digit of 1078436?
7
What is the units digit of 36546516?
6
What is the units digit of 356914?
4
What is the thousands digit of 176490?
6
What is the ten thousands digit of 94786?
9
What is the tens digit of 91699?
9
What is the thousands digit of 130165?
0
What is the millions digit of 3869084?
3
What is the thousands digit of 415390?
5
What is the tens digit of 269167?
6
What is the thousands digit of 142440?
2
What is the ten millions digit of 33415027?
3
What is the thousands digit of 542801?
2
What is the hundreds digit of 323694?
6
What is the hundreds digit of 233523?
5
What is the millions digit of 6684077?
6
What is the tens digit of 9816805?
0
What is the units digit of 707986?
6
What is the units digit of 939649?
9
What is the thousands digit of 1453799?
3
What is the tens digit of 53842?
4
What is the ten thousands digit of 10902800?
0
What is the units digit of 1604?
4
What is the hundreds digit of 6089730?
7
What is the hundreds digit of 255849?
8
What is the units digit of 279595?
5
What is the tens digit of 3689886?
8
What is the thousands digit of 7948772?
8
What is the ten thousands digit of 1144197?
4
What is the thousands digit of 117813?
7
What is the thousands digit of 165824?
5
What is the tens digit of 2358060?
6
What is the hundred thousands digit of 4736230?
7
What is the hundred thousands digit of 3600369?
6
What is the ten thousands digit of 4801151?
0
What is the ten thousands digit of 15454861?
5
What is the units digit of 7658259?
9
What is the millions digit of 7376154?
7
What is the hundreds digit of 4368277?
2
What is the thousands digit of 185330?
5
What is the ten thousands digit of 31456?
3
What is the units digit of 496804?
4
What is the hundreds digit of 233412?
4
What is the tens digit of 647130?
3
What is the hundred thousands digit of 1281803?
2
What is the tens digit of 727191?
9
What is the ten thousands digit of 3853918?
5
What is the ten thousands digit of 207833?
0
What is the hundreds digit of 505787?
7
What is the thousands digit of 126711?
6
What is the ten thousands digit of 383235?
8
What is the thousands digit of 10169723?
9
What is the hundreds digit of 902281?
2
What is the thousands digit of 31419460?
9
What is the units digit of 27077?
7
What is the ten thousands digit of 199831?
9
What is the thousands digit of 34598724?
8
What is the units digit of 1268313?
3
What is the hundreds digit of 2713591?
5
What is the thousands digit of 683857?
3
What is the tens digit of 1569564?
6
What is the thousands digit of 2373970?
3
What is the hundred thousands digit of 676991?
6
What is the units digit of 538013?
3
What is the hundred thousands digit of 410361?
4
What is the units digit of 354343?
3
What is the hundreds digit of 2302900?
9
What is the units digit of 316724?
4
What is the thousands digit of 10856798?
6
What is the units digit of 112663?
3
What is the ten thousands digit of 78068?
7
What is the ten thousands digit of 50185?
5
What is the hundred thousands digit of 123873?
1
What is the ten thousands digit of 7901615?
0
What is the tens digit of 14012426?
2
What is the ten millions digit of 19344277?
1
What is the ten thousands digit of 1033952?
3
What is the hundreds digit of 858776?
7
What is the units digit of 533308?
8
What is the millions digit of 4610143?
4
What is the millions digit of 8796737?
8
What is the millions digit of 25046833?
5
What is the ten thousands digit of 107466?
0
What is the tens digit of 718558?
5
What is the units digit of 893816?
6
What is the thousands digit of 11611933?
1
What is the hundreds digit of 12962969?
9
What is the millions digit of 2958052?
2
What is the hundred thousands digit of 4391528?
3
What is the hundreds digit of 39950?
9
What is the ten thousands digit of 71844?
7
What is the hundred thousands digit of 2424785?
4
What 